{"id":20,"date":"2026-02-18T17:00:18","date_gmt":"2026-02-18T17:00:18","guid":{"rendered":"https:\/\/barefar.dk\/?page_id=20"},"modified":"2026-02-22T19:03:24","modified_gmt":"2026-02-22T19:03:24","slug":"hvem-er-bag-skaermen","status":"publish","type":"page","link":"https:\/\/barefar.dk\/?page_id=20","title":{"rendered":"Hvem er bag sk\u00e6rmen!"},"content":{"rendered":"\n<div class=\"wp-block-group alignfull has-white-background-color has-background\" style=\"padding-top:6vw;padding-right:6vw;padding-bottom:6vw;padding-left:6vw\"><div class=\"wp-block-group__inner-container is-layout-flow wp-block-group-is-layout-flow\">\n<div class=\"wp-block-group is-vertical is-nowrap is-layout-flex wp-container-core-group-is-layout-287ef9cb wp-block-group-is-layout-flex\" style=\"padding-right:0;padding-left:0\">\n<h6 class=\"wp-block-heading has-text-color\" id=\"ecosystem\" style=\"color:#000000;font-size:16px\">BareFar<\/h6>\n\n\n\n<p class=\"has-text-color\" style=\"color:#000000;font-size:6vw;font-style:normal;font-weight:700;letter-spacing:0px;line-height:0.9;text-decoration:none;text-transform:none\">Velkommen til mit hj\u00f8rne af verden!<\/p>\n<\/div>\n\n\n\n<div style=\"height:1vw\" aria-hidden=\"true\" class=\"wp-block-spacer\"><\/div>\n\n\n\n<div class=\"wp-block-group alignwide is-vertical is-nowrap is-layout-flex wp-container-core-group-is-layout-8171334d wp-block-group-is-layout-flex\" style=\"padding-top:0;padding-right:0;padding-bottom:0;padding-left:0\">\n<p style=\"font-size:14px\">Herinde finder du \u00e5benhed og \u00e6rlighed i b\u00e5de det sure og det s\u00f8de med et barn med diagnoser (ADHD \u2013 autisme).<br>Men ogs\u00e5 hvad der lige r\u00f8r sig i hverdagen med uddannelse og tankemylder, for ikke at forglemme det generelle familieliv i en flok p\u00e5 6.<\/p>\n\n\n\n<h2 class=\"wp-block-heading\">Livet med hr. Tornado.<\/h2>\n<\/div>\n\n\n\n<p style=\"font-size:14px\">Vi er en familie p\u00e5 mor, far og 4 b\u00f8rn fordelt p\u00e5 en alder der er imellem 42 og 2 \u00e5r.<br>Med en solid alder p\u00e5 8 \u00e5r kommer kn\u00e6gten med diagnoserne, vores egen lille tornado, ham vi ikke kan andet end smile af n\u00e5r man beder ham l\u00e6gge hans bukser p\u00e5 hj\u00f8rnet AF-sofaen og de s\u00e5 bliver lagt p\u00e5 gulvet lige i hj\u00f8rnet! Ud over de situationer man kan smile af, har diagnoserne dog ogs\u00e5 en bagside, her kommer resten af familien ogs\u00e5 ind. De andre b\u00f8rn bliver begr\u00e6nset af de hensyn man skal tage til hr. Tornado, vi som for\u00e6ldre bliver udfordret p\u00e5 m\u00e5der man ikke regnede med \u2013 misforst\u00e5 mig ikke, jeg elsker alle mine b\u00f8rn og fortryder ingen af dem \u2013 diagnoser eller ej, meeeeen jeg t\u00e6nker der er en grund til de gr\u00e5 h\u00e5r pibler frem som om der var ingen i morgen.<\/p>\n\n\n\n<h2 class=\"wp-block-heading\">Du er ikke alene.<br><\/h2>\n\n\n\n<p style=\"font-size:14px\">Hvis du nu er derude \u2013 som du jo er \u2013 og er nysgerrig p\u00e5 emnet, eller bare har brug for at l\u00e6se du ikke er ene om at have det som du har det, b\u00e5de godt og skidt, s\u00e5 kan jeg gl\u00e6deligt fort\u00e6lle dig at det er lykkedes dig at lande det helt rigtige sted p\u00e5 det rette tidspunkt.<\/p>\n\n\n\n<p style=\"font-size:14px\">Der vil v\u00e6re mulighed for at skrive kommentarer til de indl\u00e6g jeg laver \u2013 og man er mere end velkommen til at skrive, jeg vil besvare s\u00e5 godt jeg nu form\u00e5r.<\/p>\n<\/div><\/div>\n\n\n<div class=\"wp-block-image\">\n<figure class=\"aligncenter size-full is-resized\"><img loading=\"lazy\" decoding=\"async\" width=\"650\" height=\"722\" src=\"https:\/\/barefar.dk\/wp-content\/uploads\/2026\/02\/team4.jpg\" alt=\"\" class=\"wp-image-51\" style=\"aspect-ratio:0.9002813379180994;width:341px;height:auto\" srcset=\"https:\/\/barefar.dk\/wp-content\/uploads\/2026\/02\/team4.jpg 650w, https:\/\/barefar.dk\/wp-content\/uploads\/2026\/02\/team4-270x300.jpg 270w\" sizes=\"auto, (max-width: 650px) 100vw, 650px\" \/><\/figure>\n<\/div>\n\n\n<p class=\"has-text-align-center\">   Skrevet af Dean (BareFar)<\/p>\n","protected":false},"excerpt":{"rendered":"<p>BareFar Velkommen til mit hj\u00f8rne af verden! Herinde finder du \u00e5benhed og \u00e6rlighed i b\u00e5de det sure og det s\u00f8de med et barn med diagnoser (ADHD \u2013 autisme).Men ogs\u00e5 hvad der lige r\u00f8r sig i hverdagen med uddannelse og tankemylder, for ikke at forglemme det generelle familieliv i en flok p\u00e5 6. Livet med hr. Tornado. Vi er en familie p\u00e5 mor, far og 4 b\u00f8rn fordelt p\u00e5 en alder der er imellem 42 og 2 \u00e5r.Med en solid alder p\u00e5 8 \u00e5r kommer kn\u00e6gten med diagnoserne, vores egen lille tornado, ham vi ikke kan andet end smile af n\u00e5r man beder ham l\u00e6gge hans bukser p\u00e5 hj\u00f8rnet AF-sofaen og de s\u00e5 bliver lagt p\u00e5 gulvet lige i hj\u00f8rnet! Ud over de situationer man kan smile af, har diagnoserne dog ogs\u00e5 en bagside, her kommer resten af familien ogs\u00e5 ind. De andre b\u00f8rn bliver begr\u00e6nset af de hensyn man skal tage til hr. Tornado, vi som for\u00e6ldre bliver udfordret p\u00e5 m\u00e5der man ikke regnede med \u2013 misforst\u00e5 mig ikke, jeg elsker alle mine b\u00f8rn og fortryder ingen af dem \u2013 diagnoser eller ej, meeeeen jeg t\u00e6nker der er en grund til de gr\u00e5 h\u00e5r pibler frem som om der var ingen i morgen. Du er ikke alene. Hvis du nu er derude \u2013 som du jo er \u2013 og er nysgerrig p\u00e5 emnet, eller bare har brug for at l\u00e6se du ikke er ene om at have det som du har det, b\u00e5de godt og skidt, s\u00e5 kan jeg gl\u00e6deligt fort\u00e6lle dig at det er lykkedes dig at lande det helt rigtige sted p\u00e5 det rette tidspunkt. Der vil v\u00e6re mulighed for at skrive kommentarer til de indl\u00e6g jeg laver \u2013 og man er mere end velkommen til at skrive, jeg vil besvare s\u00e5 godt jeg nu form\u00e5r. Skrevet af Dean (BareFar)<\/p>\n","protected":false},"author":1,"featured_media":0,"parent":0,"menu_order":0,"comment_status":"closed","ping_status":"closed","template":"","meta":{"footnotes":""},"class_list":["post-20","page","type-page","status-publish","hentry"],"_links":{"self":[{"href":"https:\/\/barefar.dk\/index.php?rest_route=\/wp\/v2\/pages\/20","targetHints":{"allow":["GET"]}}],"collection":[{"href":"https:\/\/barefar.dk\/index.php?rest_route=\/wp\/v2\/pages"}],"about":[{"href":"https:\/\/barefar.dk\/index.php?rest_route=\/wp\/v2\/types\/page"}],"author":[{"embeddable":true,"href":"https:\/\/barefar.dk\/index.php?rest_route=\/wp\/v2\/users\/1"}],"replies":[{"embeddable":true,"href":"https:\/\/barefar.dk\/index.php?rest_route=%2Fwp%2Fv2%2Fcomments&post=20"}],"version-history":[{"count":11,"href":"https:\/\/barefar.dk\/index.php?rest_route=\/wp\/v2\/pages\/20\/revisions"}],"predecessor-version":[{"id":137,"href":"https:\/\/barefar.dk\/index.php?rest_route=\/wp\/v2\/pages\/20\/revisions\/137"}],"wp:attachment":[{"href":"https:\/\/barefar.dk\/index.php?rest_route=%2Fwp%2Fv2%2Fmedia&parent=20"}],"curies":[{"name":"wp","href":"https:\/\/api.w.org\/{rel}","templated":true}]}}